y?
0
Let g(j) = 23*j + 21. Let a be g(9). Suppose -c + 3*c + 3*t = a, 2*c = -4*t + 224. What is the units digit of c?
0
Let q be (-12 + 16)*(-6)/8. Let y = q + 5. What is the units digit of y?
2
Let c = 182 - 176. What is the units digit of c?
6
Let f(m) = -4*m + 9. Suppose -2*s = 4*s - 24. Suppose 4*v - v = -3*p - 54, -s*p - 2*v - 66 = 0. What is the tens digit of f(p)?
6
Let b(n) = -n**3 + 8*n**2 + n - 5. Let m be b(8). Let z be (-27)/(-3) - m - -3. What is the tens digit of (-281)/(-9) - 2/z?
3
Let n(a) = 4*a**2 - 20*a + 31. What is the tens digit of n(16)?
3
Suppose -2 - 2 = -2*h - 2*z, 4*h - 4*z - 24 = 0. Suppose -h*d = 5*n - 396, 2*d + 3*n = d + 92. What is the units digit of d?
4
Let z(r) be the first derivative of 7*r**2/2 - 2*r + 3. Let l be z(2). Suppose -3 = -5*b + l. What is the units digit of b?
3
Let p be (-40)/7 + 2/(-7). Let a = -3 - p. What is the tens digit of (-26)/(a + -2 - 3)?
1
Let a be 1486/12 + (-15)/(-90). Let r = a - 79. What is the tens digit of r?
4
Suppose 0 = -3*s - 15, 0 = -3*y - 5*s - 8 - 11. Suppose 0 = u - y*p - 67, 3*p = 3*u - u - 135. What is the tens digit of u?
6
Let d(w) = 36*w**3 - 9 + 8*w**3 + 2*w**3 + 10. Let f be d(-1). What is the units digit of 5/(f/(-12))*3?
4
Suppose 6 = -k + 14. Let w(q) be the third derivative of -q**6/120 + 2*q**5/15 + q**4/24 - q**3/3 + 2*q**2. What is the units digit of w(k)?
6
Suppose 3*u - 18 = 4*m + 5, 2*u + 23 = -5*m. What is the units digit of 3 - (-32 - u/1)?
6
Let d(h) be the second derivative of h**5/20 - h**4/2 - 5*h**3/6 + 21*h**2/2 + 11*h - 2. What is the units digit of d(7)?
5
Let o be 14 + 1/((-2)/(-8)). Let f = o + -16. Suppose -2*r + 104 = f*r. What is the tens digit of r?
2
Suppose d + 12 = -d. Let r = d - 2. Let f(t) = t**3 + 7*t**2 - 10*t + 9. What is the tens digit of f(r)?
2
Let f = -81 + 86. Suppose f*j - 4*o - 308 = 0, -3*o - 126 = -4*j + 2*j. What is the units digit of j?
0
Suppose 4*j + h + 2*h = 632, -2*j + 3*h = -298. What is the hundreds digit of j?
1
Let z(v) = 2*v**2 + 5*v - 10. Let t be z(-5). Suppose 2*j = -4*w - 0*w + 34, -3*j = -t. What is the units digit of -6 + w + 2/2?
1
Let b = -435 - -443. What is the units digit of b?
8
Suppose -3*h + 152 = 5*h. Let f = 5 - h. What is the tens digit of (-7)/(-49) - 908/f?
6
Suppose 12*q + 19738 - 69034 = 0. What is the thousands digit of q?
4
Let p(t) = 109*t + 71. What is the hundreds digit of p(2)?
2
Let g(r) = -9*r**3 + 3*r**2 + r + 2. Let x be g(3). Let o = -118 - x. What is the units digit of o?
3
Let f = -63 + 144. Let i = 139 - f. What is the units digit of i?
8
Let b = -1 - -6. Suppose -2*y = -b*y + 9. Suppose 2*g - 3*g + 3 = 0, y*g - 4 = a. What is the units digit of a?
5
Suppose 5 = 2*o - 29. Let l(g) = 7*g - 41. What is the tens digit of l(o)?
7
Let k = -101 + 208. Suppose 20*f - 19*f = k. What is the units digit of f?
7
Let d be (-2)/(-3)*(-4)/(-8)*3. Let m(o) = 2*o**2 + 58*o**3 - 3 - 2*o - 1 + 5. What is the tens digit of m(d)?
5
Suppose -9*j = -16*j + 7791. What is the tens digit of j?
1
Suppose -5*w + 4*l = -139, -2*l + 130 = 5*w + 3*l. Let s = 65 - w. What is the tens digit of s?
3
Suppose -4*s = -6*s. Suppose s = y + 4*y - 20. Suppose y*p = 0, -94 = -2*a + 2*p + 3*p. What is the units digit of a?
7
Let v = -231 + 626. What is the units digit of v?
5
Let g be ((-2)/4)/(1/(-8)). Let a(q) = -3*q - 3. Let s be a(-2). What is the units digit of (-15 + g)*(-3)/s?
1
Let m be 8/6 - 2/6. Let j(t) be the first derivative of 7*t**2/2 - 2*t + 328. What is the units digit of j(m)?
5
Let w(s) be the third derivative of -s**6/120 + s**5/12 + s**4/8 + s**3/2 + 6*s**2. Let f be w(5). Suppose 13*i - f*i = -220. What is the units digit of i?
4
What is the units digit of (3/15*-2874)/((-22)/55)?
7
Let l = -265 - -175. Let m = l + 133. Suppose -41 - m = -3*s. What is the tens digit of s?
2
Let q(t) be the first derivative of -1/2*t**2 + 1/3*t**3 + t - 5 + 7/4*t**4. What is the units digit of q(1)?
8
Let q(g) = -g**3 + g**2 + 2*g - 3. Let y be q(-3). Let w = y + -25. Suppose -5*z + w*l = -2*l - 26, 0 = z - 3*l - 3. What is the units digit of z?
6
What is the units digit of -5 + (9 - -2) - -7?
3
Let g = -40 - -29. What is the units digit of (-5)/15*3*g*5?
5
Suppose -4*b + 1037 = -3*l + 5706, -4*b - 4 = 0. What is the hundreds digit of l?
5
Suppose -10284 = 591*n - 595*n. What is the tens digit of n?
7
Let i(u) = -24*u + 54. Let x be i(-10). Suppose -5*q = -3*l - 103 + x, -4*l + 272 = 2*q. What is the units digit of l?
7
Suppose -21 = -0*s + 5*s + 4*j, -4*s - 23 = -3*j. Let u be (-2 + s)*(-1 - 0). Suppose u*g = 4*g + 102. What is the units digit of g?
4
Let q be (5 + 185/(-35))/(1/(-1673)). Suppose q = 7*m - 950. What is the hundreds digit of m?
2
Let o(f) = f**3 + 29*f**2 - 72*f - 36. What is the tens digit of o(-31)?
7
Suppose 0 = 4*u + 5*c - 3489, -5*c = -0*u + 5*u - 4365. Suppose u = 5*m - 3*t + 197, -2*m - 2*t + 278 = 0. Suppose -m = -4*g + 27. What is the tens digit of g?
4
Let m be (-2)/((3/(-2))/3). Suppose 0*n + 24 = -m*n. What is the units digit of 16/n*(-15)/20?
2
Suppose 4*q - 2*q + 76 = 0. Let m = q - -47. What is the units digit of m?
9
Let b(a) = a**3 - 5*a**2 + 2*a - 12. Let h be b(5). Let n(d) = -2*d - 2. What is the units digit of n(h)?
2
Suppose o - 3 - 2 = 0, 5*y = -5*o + 5165. What is the thousands digit of y?
1
Suppose 3*j - 150 = -2*p - p, 3*j + 214 = 4*p. Let y = -15 + p. What is the units digit of y?
7
Suppose -3*n = -15 + 66. Let o be -9*(-2)/(-6)*n. Let m = 107 - o. What is the tens digit of m?
5
Let h(o) = -2*o**3 - 43 + 3*o**3 + 21 + 10*o**2. What is the tens digit of h(-9)?
5
Suppose -5*k + 24 = -2*k. Suppose -426 = -k*y + 166. What is the tens digit of y?
7
Suppose -5*f - 24 = -0*n - n, 2*n = 3*f + 20. Suppose 0*o = -o + n. Suppose -5*r + 2*r + 2*c = -123, 4*r - o*c - 168 = 0. What is the tens digit of r?
3
Let r = -5329 + 7537. What is the hundreds digit of r?
2
Suppose -p + 330 = 3*y, -164 - 51 = -2*y + p. What is the tens digit of y?
0
What is the thousands digit of ((-5264)/21)/((-305)/60 - -5)?
3
Let m(p) be the second derivative of p**4/3 + 7*p**3/2 - 2*p**2 - 15*p. What is the tens digit of m(-10)?
8
Suppose 0 = 8*d + 3*d - 44. Suppose j + 72 = v, -v - 231 = -d*v - 2*j. What is the tens digit of v?
7
What is the hundreds digit of 2465/34*(-260)/(-25)?
7
Let b(h) = -9 - 2 - 4 - 9*h - 11. What is the tens digit of b(-7)?
3
Suppose -7*y + 6*y + 58 = -3*x, -5*y + 314 = -3*x. Suppose o + 3*o = 0. Suppose -4*h - 4*q + y = o, -4*h + 133 - 24 = -5*q. What is the tens digit of h?
2
Suppose 48*h - 17076 + 2292 = 0. What is the hundreds digit of h?
3
Let f = 1 - -2. Suppose -2*u = -4*p + 412, -f*p - 4*u = -154 - 144. What is the hundreds digit of p?
1
Let h(u) = 3*u**2 - 27*u - 45. Let j(w) = w**2 - 13*w - 22. Let p(c) = 2*h(c) - 5*j(c). What is the tens digit of p(-15)?
8
Let z be 10*-1*1/(-2). Suppose -5 = z*u + 25. Let o(k) = 2*k**2 + 8*k + 7. What is the tens digit of o(u)?
3
Suppose -5*k + 3*k = -6. Suppose k*t - 235 - 584 = 0. Suppose -t = -4*o + 5*b, 5*o - 3*o + 4*b - 156 = 0. What is the tens digit of o?
7
Suppose 3*y + 33 = -2*s, 0*s - s = 3*y + 9. Let d = 18 + s. What is the tens digit of 272/24*d/(-4)?
1
What is the hundreds digit of (-1394)/(6/(-7 - -4))?
6
Suppose -4*r - 2*o + 213 = -r, -58 = -r - 5*o. Let v = 103 + r. What is the hundreds digit of v?
1
Let x be -1 - (-1 - 0) - 0. Suppose -2*y + 5*n - 3 = -33, -1 = -y - n. Suppose -q - g + 5 = x, 2*q + 5*g = y*q - 31. What is the units digit of q?
7
Let i(n) = 2*n**2 + 5*n + 33. Suppose -4*w - h - 32 = 0, 2*h - 22 - 22 = 4*w. What is the units digit of i(w)?
0
Let g = -1568 + 2195. What is the tens digit of g?
2
Let b(x) = -x**2 + 5*x + 3. Let f be b(5). Suppose -16*y = -17*y + f. Suppose -y*i + 16 + 110 = 0. What is the units digit of i?
2
Let v = -1386 - -1410. What is the units digit of v?
4
What is the thousands digit of 1*(10/(-4) - 32008/(-16))?
1
Let g be -1 + (1 - 0) + -45. Let l = g + 113. What is the tens digit of l?
6
Suppose -136 = -10*h + 534. What is the tens digit of h?
6
Let t be 2 - 3/(9/6). Let b(n) = -n - 30. Let p be b(t). What is the units digit of (21/(-5))/(2/p)?
3
Suppose 4*q - 5*p = 3*q + 611, 0 = -q - p + 641. What is the tens digit of q?
3
Let h(w) = -w**2 - 10*w + 5. Let i = 45 - 53. What 